se -1585 = -4*f + r. Is f a composite number?
True
Suppose -92*l - 126770 = -102*l. Is l prime?
False
Let b be 2/((3/(-1))/(-3)). Suppose -1714 - 38 = -b*m. Suppose -u - 162 = -2*u - 5*n, 0 = 5*u + 3*n - m. Is u a prime number?
False
Let c(z) = 1282*z**2 + 38*z - 1. Is c(-3) a prime number?
True
Suppose -5*j + c = 108, j - 5*c + 27 = -9. Is 6/9 - 10717/j prime?
False
Is (19 - 18)*(3 - -59333 - 3) composite?
False
Let o = -254 + 1041. Is o prime?
True
Let p(r) = -3*r**3 - 3*r**2 - r + 1. Let h be p(-3). Suppose b - 3*q = 116, -2*b = 2*q - 298 + h. Is b composite?
True
Let u be 119/2*168/98. Let s = u - -253. Is s a prime number?
False
Suppose -4*w - u = -20, -5*u - 1 + 11 = 5*w. Let f(c) = -c**2 + 0*c**2 + w*c**2 - 3*c + 0*c**2 + 3. Is f(-4) composite?
True
Suppose -5*p + 15*d - 12*d + 4901 = 0, 4891 = 5*p + 2*d. Is p a composite number?
True
Let w be 3/((27/2)/9). Suppose 0 = -w*u + 5*u - 1437. Is u prime?
True
Let t be 4 + (0 - (-4 + -9)). Is ((-1 - -3) + 57)*t prime?
False
Let r(l) = -999*l - 7. Is r(-4) a composite number?
False
Let r(f) = 3*f**2 - 11*f - 3. Let n(l) = 2*l**2 - 10*l - 2. Let a = 12 + -9. Let s(u) = a*r(u) - 4*n(u). Is s(7) composite?
False
Suppose -20*a - 18 = -18*a. Let u = a - 7. Is (-440)/u + 3/(-2) a composite number?
True
Suppose -2*g + 8 = 2*g, 0 = -4*m - g + 42. Let k be (-35)/m*2*2. Let y = 5 - k. Is y prime?
True
Suppose 25312 = 5*q + 3*q. Suppose 7*w - q = 3*w. Is w composite?
True
Let k(f) = -3*f + 17. Let i be k(7). Is (1*38/(-4))/(i/8) a composite number?
False
Let d = -368 + 987. Let z = d + -440. Is z composite?
False
Let w be -3 - ((4 - 4) + 0). Is (w + 4)*-3 + 214 prime?
True
Suppose q - 23*q = -1958. Is q prime?
True
Let v(y) = y**3 - y**2 - y + 1. Let x be v(2). Suppose -2*a = x*u - 27, 3*a - 4*u = -2*u + 8. Is 508/a*9/6 a prime number?
True
Is 1 + 2185 - (-9 + 1 - -15) a composite number?
False
Suppose 4*f - 29478 = -q, 13*q + 7375 = f + 16*q. Is f composite?
False
Is 50/75*(-147699)/(-6) a composite number?
False
Suppose 207064 = 8*z + 736. Is z a prime number?
False
Suppose 0 = -37*u - 9*u + 34546. Is u a prime number?
True
Let w(k) = 21*k**2 + k - 2. Let i be w(1). Suppose g - 107 = 71. Suppose i = -2*r - j + 100, -5*r = -3*j - g. Is r a prime number?
False
Let s = -26 + 20. Let x be (s - -2)/((-8)/20). Is 60 + -2*5/x a prime number?
True
Suppose 7*r + 14 - 42 = 0. Suppose h - 1666 - 197 = 0. Suppose -5*g + h = r*m, -m - 1109 = -3*g + m. Is g a composite number?
True
Is (-16822 - 19/19)*(1 + -2) a prime number?
True
Let k(i) = -2*i**3 + 7*i**2 + 7*i + 35. Is k(-18) composite?
False
Let w be (-47)/(-9) + (-18)/81. Suppose 3*v + 0*v - 120 = 3*b, -3*b - 110 = -w*v. Let u = b + 136. Is u prime?
False
Let s(p) = 7 - p + 58*p**3 + 67*p**3 - 5*p - 12*p**3 - 2*p**2. Is s(3) prime?
False
Suppose 8 = 4*l + 4*f - 0, -3*l + 8 = 2*f. Suppose -i - l*p + 381 = 0, p + 42 = 3*i - 1075. Is i composite?
False
Suppose 23*r - 8371 = 113460. Is r a prime number?
True
Let c = 12003 + -1100. Is c prime?
True
Let y(n) = n**3 - 15*n**2 - 17*n + 18. Let g be y(16). Suppose -4*b - 3*x = -1603, 341 = g*b + 3*x - 468. Is b composite?
False
Let o = -11 - -13. Suppose -o*u - 3*u = -20. Suppose -u*d = -7*d + 42. Is d a prime number?
False
Let x(g) = -4*g**2 - 11*g + 39. Let j(r) = -r**2 - 4*r + 13. Suppose o = -2*q + 18, -2*q + o - 6*o = -34. Let t(a) = q*j(a) - 2*x(a). Is t(12) prime?
False
Let l = -25 + 23. Is (l/1)/(14/(-1253)) a prime number?
True
Let z be (-1 - -2)/(18/(-7794)). Let y = z - -930. Is y prime?
False
Suppose 388071 = 18*i + 63*i. Is i a prime number?
False
Suppose 2*v - 2244 = -2*z + 22828, 37632 = 3*v - 5*z. Is v a composite number?
False
Let y be 2*5 + (-40)/10. Is 1010/4 + y/(-4) a prime number?
True
Let w(u) = -1046*u - 7. Is w(-4) composite?
False
Let o(p) = -2*p - 16. Let w(h) = -h - 8. Let a(y) = -4*o(y) + 7*w(y). Let x be a(-8). Suppose 452 = 4*d - x*d. Is d a prime number?
True
Let r = -7363 - -17226. Is r prime?
False
Suppose -t + 2148 = 2*g, 4*t + 3349 = 3*g + 138. Is g a prime number?
False
Let p(q) = -678*q**3 - 2*q**2 - 2*q - 1. Let d = -30 + 29. Is p(d) a prime number?
True
Suppose 12*x + 7731 = 32271. Is x a prime number?
False
Suppose 20*c - 2*b = 21*c - 11375, c - 11389 = 5*b. Is c a composite number?
True
Suppose 5*c - 4*b - 5739 = 0, -3*c - 6*b + 9*b + 3441 = 0. Is c composite?
False
Let h = 4953 - 2372. Is h a prime number?
False
Suppose 10 - 28 = -2*l. Let f be (-7)/(-14) + l/2. Suppose f*c = -3*j + 98, -5*c - 2*j + 92 = -5*j. Is c prime?
True
Suppose 6*v = 8 + 4. Suppose 10*c - 13044 = -v*c. Is c composite?
False
Let g(d) = 4774*d**2 - 23*d + 53. Is g(2) a prime number?
False
Let t = -14 + 93. Suppose 2*s = -3*s + 2190. Let w = s + t. Is w composite?
True
Let n be (-3)/(-9) + 84884/12. Suppose n = 3*o + 2820. Is o composite?
True
Suppose 0 = -2*a + 4*h + 1858 + 7868, 4*a = -4*h + 19440. Is a a prime number?
True
Let p(x) = x**2 - 7*x. Let n be p(7). Suppose n = g + 3*g + 80. Is (-2)/((g/(-46))/(-5)) composite?
False
Suppose 0 = 3*j + 3*a - 6*a - 9315, 3*a = -j + 3113. Is j prime?
False
Let a be (1 + (-6)/(-10))/((-44)/(-990)). Let c be 6/(-15) + 144/10. Suppose -2*x - c = -a. Is x a composite number?
False
Let h be -3 - (-6)/((1 + 3)/(-80)). Let j(u) = 26*u**2. Let q be j(4). Let o = h + q. Is o prime?
True
Let y(o) = o**2 - 5*o - 35. Is y(-21) a composite number?
True
Suppose -3*m = -5*g + 314, 3*g = 5*m + 2*g + 538. Let v be (-4)/10 + m/(-20). Suppose -5*i - v*h + 1315 = -0*i, 4*i - 5*h = 1016. Is i composite?
True
Let q(b) = 32*b. Let a be q(1). Is (-474)/4*a/(-24) a prime number?
False
Let t(b) = b**3 - 2*b - 593. Let y be t(0). Let d = -180 - y. Is d prime?
False
Suppose 0 = -4*c - 0*c - 7756. Let n = -1348 - c. Suppose -n = -5*i + 694. Is i a composite number?
False
Let i = -20365 - -11579. Is (-23)/115 - i/5 a prime number?
False
Let u(y) = y**3 + 6*y**2 + y - 2. Let h be u(-6). Is (3873/(-12))/(10/h + 1) a prime number?
True
Let r be (15/10)/((-6)/(-4)). Let q = r + -1. Suppose q*u + u - 93 = 0. Is u a composite number?
True
Let u be 24090/5 - 6/3. Let t = u - 3407. Is t a prime number?
True
Let k = -419 - -1974. Is k a composite number?
True
Let g = 118 - -1729. Is g prime?
True
Let j = -6 - -7. Let v = j + 3. Suppose -4*o - o - v*m = -705, 4*o - 3*m - 595 = 0. Is o composite?
True
Is 87845/20 + 100/(-80) a composite number?
False
Let o be (-2*771)/(-3) + 3. Suppose -3*s = -5*n - 0*s - o, -2*n + 4*s = 218. Let f = 147 + n. Is f prime?
False
Suppose -80 = -5*r - 5*w, -r = 2*w + w - 16. Suppose -4*b + 8 = -r. Is -13*3/b*-14 prime?
False
Suppose t + 1070 = q + 390, -2*t = -4*q + 2714. Is q composite?
False
Let h(s) = -s + 3. Let q be h(3). Suppose 3*t - 2*t - 553 = q. Is t a composite number?
True
Suppose 5*t + 2*n - 36545 = 7*n, 7311 = t - 2*n. Is t composite?
False
Let c = 32 - 52. Let z = c - -20. Suppose 8*o - 13*o + 1325 = z. Is o a composite number?
True
Suppose -5*j = -v - 12 - 8, -5*v + 3*j = 12. Suppose v = -5*p, -5*y = -2*p + 4*p - 70. Let u(c) = 4*c - 5. Is u(y) a composite number?
True
Let t(x) be the third derivative of 71*x**5/5 + x**3/6 - 6*x**2. Is t(-1) composite?
False
Let m = 68184 - 13499. Is m a composite number?
True
Let t(p) = -p**3 + 5*p**2 - p - 5. Let x = -1 - -23. Suppose -26 = 5*n - r - 5, 2*r - x = 5*n. Is t(n) a composite number?
True
Let v = 23729 - 13056. Is v composite?
True
Let r be ((-1 + -2)*1)/(15/(-9260)). Let s = r + -953. Is s composite?
True
Let k = 5203 + -2649. Is k prime?
False
Is 6/(-12)*223*-122 composite?
True
Suppose 11853 + 1457 = -5*i. Let b = 5602 + i. Suppose -2*l = -7*l - 5*o + 2890, 5*o = 5*l - b. Is l composite?
True
Suppose 0 = 7*y - 14397 - 4832. Is y a prime number?
False
Let u(q) = q**3 - 16*q**2 + 4*q - 15. Let d be u(16). Let y = 536 - d. Is y a composite number?
False
Let s = 10 + -10. Let l be s + (-4)/(-2)*-1. Let f(r) = -255*r + 1. Is f(l) a prime number?
False
Let g = -715 + 1398. Is g prime?
True
Let p(l) = -l**2 - l + 29. Let n be p(0). Let f = n + -23. Is f a prime number?
False
Let r(d) = -1272*d - 259. Is r(-8) a composite number?
True
Let h(t) = 981*t - 43. Is h(4) a prime number?
True
Suppose 2 = -3*h + 14. Suppose 2*g + 2*f - 1342 = 0, -h*g + 3*f = -949 - 1749. Is g prime?
True
Let d(u) = u**2 - 2*u + 3. Let 